8
Suppose 3*i - 57*b = -62*b + 11101, 3*b = 2*i - 7445. What is the greatest common divisor of 768 and i?
128
Let h = -4356 + 12843. Calculate the highest common divisor of h and 621.
207
Suppose -5*p + 9 + 26 = 0. Suppose -4*v = 2*d - 26, 2*d - p = -1. Suppose -z + h + 29 = -0*z, 2*z = 3*h + 62. Calculate the highest common factor of v and z.
5
Let l = 8 + -4. Suppose 220 = l*g - 0*g. Let r(j) = 2*j**3 - 33*j**2 + 16*j + 11. Let u be r(16). What is the highest common factor of u and g?
11
Suppose -16 + 10 = s. Let m(u) = -u**3 + u**2 + 10*u - 11. Let b be m(3). Let o be (176/(s + 2))/((-1)/b). What is the greatest common divisor of o and 4?
4
Let f = 49 - 47. Suppose -5*n + 125 = 3*h, -f*h - 44 = n - 125. Suppose -t + 40 = 4*t. Calculate the highest common divisor of t and h.
8
Let o(g) = g**2 + 38*g + 444. Let a be o(-24). What is the greatest common factor of 16308 and a?
108
Let h(n) = 17*n - 117. Suppose 500*g = 501*g - 13. Let z be h(g). What is the greatest common divisor of z and 91?
13
Suppose -4*o = -17*o + 390. Let k be 554948/510 - 4/o. What is the highest common factor of k and 17?
17
Let y(p) = p**3 - 7*p + 72. Let g be y(5). Suppose 3*t - 5*k = 785, -363 = -2*t + 5*k + g. What is the highest common factor of t and 26?
26
Let t be (0 - 94/2)*-1. Let b be (-7614)/(-36)*(-1 + 13). Let s be (-1)/(5070/b + -2). What is the highest common divisor of s and t?
47
Suppose 3*v - 172 - 71 = 0. Let d be (-1 - 1)*(301/(-2) + -1). Let m = 312 - d. Calculate the greatest common factor of v and m.
9
Let o = 724 - 684. Let c(u) = 18*u**3 - u. Let b be c(1). Let q = o - b. What is the highest common divisor of 161 and q?
23
Let u be (-2)/5*(-3835)/26. Let m = u - 29. Let i be 1 + -2 - (4 + -65). What is the highest common divisor of m and i?
30
Let r = -350 + 373. Suppose r*a - 16*a = 945. What is the highest common factor of 180 and a?
45
Let n = 259 + -154. Suppose p + 4*p - 5*k = n, 3 = -3*k. What is the highest common factor of p and 50?
10
Let v be -2 - -2 - (-106 + 1). Let g(r) = 1668*r - 108. Let w be g(-5). Let l be (w/(-10))/12 + (-2)/5. Calculate the greatest common factor of l and v.
35
Let h be (23/(-276)*15)/((-1)/12). Calculate the highest common divisor of h and 2375.
5
Suppose -2*j + 240 = -z, -5*j - z + 600 = -0*z. Let m be j/28 - 2/7. Calculate the greatest common divisor of 6 and m.
2
Let v = -6740 + 6844. What is the greatest common divisor of v and 40?
8
Suppose 2*k - 6 = 15*v - 11*v, -10 = -2*k + 2*v. Let p(d) = 56*d - 287. Let g be p(k). Calculate the greatest common divisor of 350 and g.
35
Let c = -797 - -1334. What is the greatest common divisor of c and 9?
3
Let k = 1831 - 1378. What is the greatest common divisor of k and 3?
3
Let n(t) = -t**2 - 59*t - 630. Let j be n(-40). What is the highest common divisor of j and 620?
10
Let d be (-12996)/36*(-2 + -5 + 2). What is the greatest common divisor of d and 19?
19
Let b(n) = n**2 + 54. Let p be b(0). Suppose -2*f + 3*w - 13 = 0, -3*w - 50 = 4*f + 3. Let h = f + p. What is the highest common divisor of h and 172?
43
Let n = -28571 - -28687. What is the greatest common factor of 10034 and n?
58
Let y = 217 - 225. Let p be y*(6248/(-64))/11. What is the highest common divisor of p and 355?
71
Let o be 85/21 - 25/(-52500)*-100. Suppose -2*m + v = -17 - 11, -2*m - 5*v + 52 = 0. What is the highest common factor of o and m?
4
Suppose 2*k + k - g = 537, 5*k = 5*g + 885. Suppose 98*q - 94*q = 432. Calculate the highest common factor of q and k.
36
Let v(l) = l + 9. Let d be 1 - -3 - 1*(13 - 3). Let u be v(d). Suppose 6*p - p = -2*b + 114, 0 = b + u. What is the greatest common factor of 48 and p?
24
Suppose -10696 = -x - 2*x + 2*k, -3*k + 7122 = 2*x. What is the highest common divisor of 44 and x?
44
Suppose -4*b + 218 = 2*q, 24*q + 233 = 4*b + 23*q. Calculate the greatest common factor of b and 2793.
57
Suppose -16*b + 910 = -21*b. Let a = b - -194. What is the greatest common divisor of 12 and a?
12
Suppose 0 = 19*a - 21*a - o + 4261, 4*o + 20 = 0. What is the highest common factor of a and 27?
27
Let d = -220 + 211. Let y be (-1*4)/(133/(-14) - d). Calculate the highest common divisor of y and 6.
2
Let u be -6*((1219/46)/(3/(-27)) + -2). What is the greatest common factor of 429 and u?
39
Suppose 4*j - 200 = -j. Suppose 0 = 3*m - 2*z - 28, -3*m - 4*z + 14 = -2. Let b be 30/(m + -2) - -15. Calculate the greatest common factor of j and b.
20
Let m be (-5 - 164/(-28))*14/3. Let v be ((2 - 4) + 0)/(3 + -1). Let f be (v/2 - -2)/(3/4). What is the highest common factor of m and f?
2
Let z(j) = j**2 + 5*j - 3. Let t be z(3). Suppose 26*s + 24 = 34*s. Suppose -2*x = 3*m + 28 - 37, s*m - 9 = 2*x. What is the highest common factor of m and t?
3
Suppose -1342 - 3623 = -41*j + 13854. What is the greatest common divisor of 119 and j?
17
Suppose 16*v = -9*v + 48600. Suppose v = 17*g - 5*g. What is the highest common divisor of g and 567?
81
Suppose -32*d = -35*d + 69. Suppose 0 = -n - d + 20. Let u be (-1)/((9/51)/n). Calculate the greatest common divisor of u and 51.
17
Let i be 25 + -14 - -98 - -3. Calculate the highest common divisor of 992 and i.
16
Let w(h) = h**2 - 5*h - 7. Let r be w(9). Let t = 136 - 132. Let c = t - -141. Calculate the highest common factor of c and r.
29
Suppose 0 = 4*j - 3*w - 1671, 23 = -4*w + 3. Calculate the greatest common divisor of 72 and j.
18
Suppose 11136 = 337*z - 221*z. What is the highest common divisor of z and 7968?
96
Let g be (-5 - -6)*(0 + -1*22). Suppose -5*o = 81 - 16. Let c = o - g. What is the greatest common divisor of 6 and c?
3
Let a(j) = 3*j**2 + 34*j + 140. Let w be a(0). Let c = -34 + 74. Calculate the greatest common factor of c and w.
20
Let n be (9 + 176/(-16))/(2/(-59)). Suppose n*d - 315 = 56*d. What is the greatest common divisor of 1785 and d?
105
Let y be (3/(-2))/(42/(-308)). Let k = 226 + -123. Let j = 180 - k. What is the highest common divisor of j and y?
11
Let i(x) = x**2 + x - 2. Let r be (44/(-77))/((-2)/(-7)). Let o be i(r). Suppose o*w - 144 = -4*w. Calculate the highest common factor of 9 and w.
9
Suppose 371243 = 109*k + 119614 - 224483. Calculate the highest common divisor of k and 32.
16
Suppose 3*c - 3 = -3*s, -3*s + 5*s = -4*c - 6. Let q be 3 + -6 - (-66)/3. Suppose 46 = s*o - q. What is the greatest common divisor of o and 91?
13
Let v be 209/44 - (-2)/8. Suppose -v*c = 10 - 70. Let u(q) = -q**3 + 11*q**2 - 14*q - 12. Let p be u(6). What is the greatest common factor of c and p?
12
Let z(o) = -2*o**3 + 136*o**2 - 259*o - 264. Let q be z(66). Calculate the greatest common factor of 7986 and q.
66
Let n be (-5)/10 - (-75)/6. Suppose n*g = 13*g - 48. Let l be -1 - (-6 - (0 + 2 + 1)). What is the greatest common divisor of g and l?
8
Let v be -4*(-3)/(108/40)*9. Calculate the highest common factor of v and 23.
1
Let n(q) = 8*q**2 + 87*q + 900. Let y be n(-10). What is the greatest common divisor of y and 10?
10
Suppose -2304*f - 33 = -2315*f. Calculate the highest common divisor of f and 353.
1
Suppose 0 = 3*n - 5*s - 61, 3*n + 5*s - 49 = 22. Suppose 18 = 4*p - 38. Suppose 10*r = p*r - 88. Calculate the highest common divisor of r and n.
22
Let x(i) be the first derivative of -2*i**3/3 + 14*i**2 + 31*i - 184. Let s be 1/(3/135*3). Let g be x(s). Calculate the highest common divisor of 5 and g.
1
Let r be 0 + -1 + 83 + 2. Let k be r/2 + (-1 - -1). Let g(l) = l**3 + 18*l**2 + 64*l + 291. Let v be g(-15). What is the highest common factor of k and v?
6
Let u = 379 - 21. Let z = -280 + u. Calculate the greatest common factor of z and 6.
6
Let s(c) = 11*c + 126. Let z be s(-11). Suppose -4*x - 4 = 0, 0 = -3*o + z*o + 2*x - 58. What is the greatest common divisor of o and 90?
30
Suppose 4*q - 2 = -f - 10, -12 = 3*q. Suppose 18*b - 398 = 9250. Calculate the highest common divisor of b and f.
8
Let b = -4427 - -4496. Calculate the highest common factor of 6693 and b.
69
Suppose 0 = 4*b + 4*z - 72, -2*b + 2*z = -b - 33. Suppose 12*h = 16*h - 5*t + 21, -2*h = -2*t + 8. Calculate the greatest common divisor of b and h.
1
Suppose -64*k + 47*k = -68. Suppose a + 3 = 2*a. Suppose r - 26 = 2*f, k*r = -r + a*f + 130. What is the greatest common factor of 26 and r?
26
Let h(y) = y + 15. Let d be ((-5)/(-2))/((-1)/2). Let o be h